0*12/(75/(-20) - -6). Calculate the greatest common divisor of c and 8.
8
Suppose 48 - 172 = -4*p. Suppose x - 6*l + 3*l - 26 = 0, -5*x + l + 60 = 0. Let q = p + x. What is the highest common factor of q and 6?
6
Let s(v) = v + 1. Let g be s(1). Suppose -5*j + 209 = -g*m, 0*j - 2*j + 86 = -2*m. Let z = j - 23. What is the highest common factor of z and 198?
18
Suppose -2*v - v - 6 = -5*u, 5*u + 4*v - 27 = 0. Let g = 7 + u. Let r = -150 + 240. What is the highest common factor of r and g?
10
Let v = -90 - -153. Let t(w) = 12*w - 6. Let d be t(4). Calculate the greatest common divisor of v and d.
21
Let u be 3/2*(-1690)/(-39). What is the greatest common factor of 260 and u?
65
Suppose 0 = 19*i - 15*i - 704. Let m be (-315)/(-20) - (-1)/4. What is the highest common factor of i and m?
16
Suppose 14*w = 13*w - 65. Let v = -43 - w. What is the highest common factor of v and 33?
11
Suppose -2*k - 504 = -5*k. Suppose -4*m + k = -4*c, 2*m - 5*c = -c + 90. What is the highest common factor of m and 26?
13
Let q(x) = x**2 - 5*x. Let o be q(5). Suppose a + 4*a - 100 = o. Let p = 31 - a. What is the greatest common factor of 77 and p?
11
Suppose -g + 7 = -11. Let p = 64 - 29. Let x = p - g. What is the greatest common factor of 187 and x?
17
Suppose 374*s = 365*s + 540. Calculate the greatest common divisor of s and 516.
12
Let t = -32 - -64. Let b(o) = -2*o**2 + 28*o - 72. Let a be b(10). What is the greatest common divisor of t and a?
8
Let j(l) = 2*l - 2. Let c be j(2). Let k = 457 - 435. Calculate the highest common divisor of c and k.
2
Let n(t) = -t**3 + t - 98. Let l be n(0). Let q = l + 230. Let u = 240 - q. Calculate the highest common divisor of 12 and u.
12
Let q(h) = 3*h**2 - 24*h - 15. Let s be q(11). Suppose 0 = a - 8*a + s. Calculate the highest common factor of 30 and a.
6
Let s(m) = m**3 - 36*m**2 + 4*m - 72. Let u be s(36). Let c(l) = 17*l**2 + l - 2. Let w be c(1). What is the greatest common factor of u and w?
8
Let p(y) = 10*y - 1. Let d be p(5). Calculate the greatest common divisor of d and 42.
7
Let c be -6 - 27/(-2)*2 - 3. Calculate the highest common factor of c and 222.
6
Let d(c) = 65*c - 4. Let m be d(4). Let b be ((-15)/(-7) + 0 + -1)/(1736/48608). What is the highest common factor of b and m?
32
Let i(m) = -m**2 + 15*m - 16. Let k be i(7). What is the greatest common divisor of k and 520?
40
Let m(c) = -5*c + 629. Let r be m(-65). Calculate the greatest common factor of 53 and r.
53
Let w(n) = n**2 - 3*n - 24. Let b(s) = 6*s**2 + s. Let v be b(1). Let z be w(v). What is the greatest common factor of 4 and z?
4
Let g be ((-196)/84)/(14/(-30)). What is the greatest common factor of 8 and g?
1
Let s(x) = 3*x**3 - 15*x**2 + 8. Let g be s(6). What is the greatest common divisor of 4 and g?
4
Suppose -3*z + 20 = 2*t, -4*z + 3*z - 3*t + 9 = 0. Suppose 4*f - 4*a + 2*a - 12 = 0, -5*a - 2 = 4*f. What is the highest common factor of f and z?
2
Suppose 2*m + 23 = 2*v + 5, -4*v + 29 = -3*m. Let s = 16 - m. What is the highest common factor of 184 and s?
23
Suppose -81 = 5*a + 114. Let i = -29 - a. What is the greatest common factor of 90 and i?
10
Suppose 3028 = 68*u - 372. Calculate the greatest common divisor of u and 1350.
50
Suppose 7*k - 2*k - 25 = 0. Suppose -62 = -k*u + 58. Suppose -5*j - 4 = -x - 3*j, 4*x + j - 25 = 0. Calculate the highest common factor of x and u.
6
Let w(k) = k**2 + 2*k - 1. Let s = -12 - -13. Let a be w(s). Suppose 10 = b + 2*j - 6*j, -a*j + 50 = 5*b. Calculate the greatest common factor of b and 10.
10
Suppose 0 = -0*l - 0*l - 9*l. Suppose 3*v - 7 = b, l*v - 2*b - 12 = -5*v. What is the greatest common divisor of 8 and v?
2
Suppose 0 = -4*c - 3*w - 0*w + 17, c = 2*w - 4. Let f be 435/6 + 2 - (-3)/c. Calculate the highest common factor of f and 190.
38
Let z(f) be the third derivative of 0*f + 0 + 1/60*f**5 + 11*f**2 + 2/3*f**3 + 7/24*f**4. Let g be z(-7). Calculate the highest common factor of 20 and g.
4
Let h = -751 - -767. What is the greatest common factor of h and 8?
8
Suppose 3 = 3*t - 6. Let q be (t*((-22 - -1) + -1))/(-2). Calculate the greatest common divisor of 22 and q.
11
Let n(x) = 22*x - 3. Let j be n(1). Let i be (-3)/(-3) + j - 3. Let u = 30 + 38. Calculate the greatest common divisor of u and i.
17
Let t = 24 + -14. Let a be -37 + 35 + (28*8)/2. Calculate the greatest common factor of t and a.
10
Let o(x) = x**3 - 21*x**2 - 35*x - 157. Let w be o(23). Calculate the highest common factor of w and 16.
16
Let p(b) = b**2 + 3. Let t be p(-4). Let c be (3 - 486/30)*-15. Suppose -c = -2*d + 68. Calculate the highest common divisor of t and d.
19
Suppose -5 + 14 = m. Suppose -1 = v - m. What is the greatest common factor of 4 and v?
4
Let b be (1 - 0)/(18/270). Let g = 39 - b. What is the highest common divisor of g and 60?
12
Let t(s) = 4*s**2 - 5*s + 11. Let n be t(4). Let w = n + -48. Calculate the highest common factor of w and 56.
7
Suppose 0*h + 128 = h. Let l be (-339)/(-21) - (324/63 - 5). Calculate the greatest common factor of l and h.
16
Suppose 2*m - 5*m - 4*v + 82 = 0, 0 = -4*m - 5*v + 111. Suppose 0 = -3*h + 97 - m. Calculate the greatest common factor of 147 and h.
21
Suppose -2*g - 3 = 1. Let k be (g/(-5))/((-4)/(-20)). What is the highest common factor of k and 18?
2
Suppose -5*m - 4 = 16. Let q = m + 19. Calculate the greatest common factor of 3 and q.
3
Suppose 3*h + 4*o - 71 = 0, 2*h - h - 31 = -5*o. Calculate the highest common factor of 21 and h.
21
Suppose 44 = -9*m + 80. Suppose -m*c + 1314 = y + y, -4*y = c - 332. What is the highest common divisor of 41 and c?
41
Let n(h) = -h**2 + 7*h + 18. Let c(v) = -2*v - 7. Let o be c(-8). Let s be n(o). Let j = s + 22. What is the greatest common factor of j and 22?
22
Let f = 312 + -180. Let y = 65 + -97. Let s = 65 + y. Calculate the highest common divisor of s and f.
33
Let i be 324*((-154)/(-21) + -6). Calculate the greatest common factor of i and 48.
48
Suppose i + 102 = 42. Let k be 5 - 1 - i/6. What is the highest common divisor of k and 56?
14
Let u(v) = 5*v**2 - 17*v + 24. Let m be u(5). Let q = 8 + -11. Let n be ((-16)/6)/(1/q). Calculate the greatest common divisor of n and m.
8
Suppose 51*k - 42 = 48*k. Suppose x - 2 = 2*h - k, 0 = -2*x - 8. What is the greatest common factor of 8 and h?
4
Let l = -30 + 43. Suppose 0 = -5*c + 4*c + l. Let z = -9 + c. What is the greatest common divisor of 36 and z?
4
Let y(f) = f**3 + 5*f**2 + 2*f + 5. Let l be y(-3). Suppose -3*b = 5*m - 464, 0 = 2*b + b - 3*m - 456. What is the greatest common factor of b and l?
17
Let v be (-13685)/(-1547) - ((-4)/26 - 0). Suppose 328 = 4*o + 40. What is the highest common factor of v and o?
9
Let r(u) = 4*u**2 - 23*u - 108. Let o be r(-4). What is the greatest common factor of 96 and o?
48
Let b be 0/(2*(-1)/(-2)). Let w be (1 + -2)*(b - -1). Let f be 9 + (w - (2 - 4)). What is the greatest common divisor of 4 and f?
2
Suppose 6 = -2*r + 3*r. Suppose -r*w + 2*w + 88 = 0. Let b(s) = 73*s - 62. Let k be b(1). What is the greatest common factor of w and k?
11
Suppose j + 4*q = 297, -5*j = 4*q - 5*q - 1422. What is the highest common divisor of 30 and j?
15
Let k = 0 + 100. Let b be ((-12)/(-9))/((-4)/(-6)). Let o be 51/b + (-12)/24. What is the greatest common factor of o and k?
25
Let z = 35 + -6. Suppose -187 = -j - 4*x, j + 605 = 4*j + x. What is the greatest common divisor of z and j?
29
Let b = -2392 + 2702. What is the greatest common divisor of 248 and b?
62
Let s be (1 - -8)*(-255)/(-612)*12. Calculate the highest common divisor of s and 144.
9
Suppose 1333 - 4481 = -4*t + 4*w, -4*w + 767 = t. What is the greatest common factor of t and 174?
87
Let h = -795 + 1011. What is the greatest common divisor of h and 72?
72
Suppose 2*v + 10 = -10. Let x be (-6 + -2)*v/4. Calculate the highest common divisor of 220 and x.
20
Let r be 1296*(-3)/(9/(-2)). Calculate the highest common factor of 27 and r.
27
Let a be 2/3*(-18 - -3). Let w be ((-32)/a)/(6/255). Calculate the highest common divisor of 17 and w.
17
Let v(g) = 5*g**2 - 24*g - 13. Let m(o) = 9*o**2 - 48*o - 28. Let l(b) = 6*m(b) - 11*v(b). Let y be l(-14). Calculate the greatest common divisor of 5 and y.
5
Suppose -415*n + 85440 = -385*n. Calculate the highest common factor of 32 and n.
32
